4527 composite?
True
Is 147764462 a prime number?
False
Is 3448495 a composite number?
True
Is 384467 composite?
True
Is 8523877 composite?
False
Is 170845981 composite?
True
Is 84452317 prime?
False
Is 1708391 composite?
False
Is 7588687 prime?
True
Is 461849599 a prime number?
False
Is 43883297 a composite number?
True
Is 57395407 a composite number?
True
Is 19968986 composite?
True
Is 4277797 a prime number?
False
Is 9710027 composite?
True
Is 22944463 composite?
False
Is 6713177 a composite number?
False
Is 60126449 a prime number?
True
Is 53218741 a prime number?
False
Is 285911761 a prime number?
False
Is 3980363 prime?
False
Is 4920421 composite?
True
Is 1602473 composite?
False
Is 3799447 prime?
True
Is 1652507 composite?
True
Is 82453529 a composite number?
False
Is 70486133 prime?
True
Is 10920103 a composite number?
True
Is 11688301 a prime number?
False
Is 34084783 a composite number?
False
Is 222419 a prime number?
True
Is 1494757 prime?
False
Is 17172185 prime?
False
Is 38270951 prime?
True
Is 15061373 prime?
True
Is 62784347 a composite number?
False
Is 107611433 prime?
True
Is 141101419 composite?
False
Is 92747539 a composite number?
True
Is 5210531 a composite number?
False
Is 166649111 prime?
True
Is 6867647 a composite number?
True
Is 6048167 a prime number?
True
Is 96006901 a composite number?
True
Is 1923497 composite?
True
Is 1427957 prime?
True
Is 65069729 a composite number?
True
Is 10743263 a prime number?
True
Is 3661367 composite?
False
Is 1320717 composite?
True
Is 12351099 a composite number?
True
Is 32591171 a composite number?
True
Is 816733 composite?
True
Is 3777191 composite?
True
Is 53760643 a composite number?
False
Is 6667949 composite?
False
Is 10388057 prime?
False
Is 11834609 a prime number?
False
Is 27456083 prime?
False
Is 140975309 composite?
False
Is 26782559 a composite number?
True
Is 311483507 composite?
True
Is 6295829 a prime number?
True
Is 49141385 a prime number?
False
Is 3097439 composite?
False
Is 1493047 prime?
False
Is 10365413 a prime number?
True
Is 120598631 a composite number?
False
Is 2723863 prime?
True
Is 28697222 composite?
True
Is 34950701 composite?
True
Is 7059189 a prime number?
False
Is 1434971 composite?
True
Is 924173089 prime?
False
Is 1944805 composite?
True
Is 6941149 composite?
False
Is 6605923 a composite number?
True
Is 491333527 a prime number?
False
Is 6186689 prime?
False
Is 188532959 composite?
False
Is 1508449 composite?
False
Is 625594357 composite?
False
Is 601127 a composite number?
False
Is 3999959 a composite number?
True
Is 261279119 prime?
True
Is 20260621 prime?
True
Is 73140949 a composite number?
True
Is 5645291 composite?
False
Is 74086891 a prime number?
True
Is 29960561 prime?
False
Is 167777707 a prime number?
True
Is 2750473 a prime number?
False
Is 650110093 prime?
True
Is 42152663 a prime number?
False
Is 53143491 a prime number?
False
Is 525839 prime?
True
Is 98609365 composite?
True
Is 3891959 a composite number?
True
Is 91000207 prime?
True
Is 9938423 a prime number?
False
Is 122117774 a prime number?
False
Is 137687093 prime?
False
Is 6118261 prime?
True
Is 179836607 a prime number?
True
Is 253100829 prime?
False
Is 4709743 prime?
False
Is 5116921 a composite number?
False
Is 40899581 a prime number?
False
Is 3355049 a composite number?
True
Is 2687639 composite?
False
Is 491563 composite?
True
Is 194639119 a composite number?
False
Is 75822709 a composite number?
False
Is 1485899 prime?
False
Is 78414227 prime?
False
Is 28765937 composite?
True
Is 56133907 prime?
True
Is 140869 composite?
False
Is 17260293 a composite number?
True
Is 9908809 composite?
True
Is 94407 composite?
True
Is 1941708377 a composite number?
True
Is 12711815 a composite number?
True
Is 5378419 a composite number?
True
Is 15064877 a prime number?
True
Is 214682933 composite?
True
Is 310301851 a composite number?
False
Is 60396341 a prime number?
True
Is 3966059 composite?
False
Is 368892977 a composite number?
True
Is 4235491 a composite number?
True
Is 93089 prime?
True
Is 37923659 prime?
True
Is 12315077 a prime number?
True
Is 174431 a composite number?
False
Is 32746711 a composite number?
True
Is 2217986 prime?
False
Is 25152857 a prime number?
True
Is 22808813 composite?
True
Is 18072359 prime?
False
Is 45925471 a composite number?
False
Is 785677 prime?
False
Is 148921 composite?
False
Is 954671 a composite number?
False
Is 883577 prime?
True
Is 72139 a composite number?
False
Is 229981801 a prime number?
False
Is 1967149 a composite number?
False
Is 1386053 a prime number?
True
Is 144024737 a prime number?
True
Is 3354577 prime?
False
Is 39412367 prime?
False
Is 438672835 a composite number?
True
Is 288241081 a prime number?
True
Is 5043491 prime?
True
Is 91818509 a composite number?
False
Is 30345517 a prime number?
True
Is 177285109 prime?
True
Is 18606803 composite?
False
Is 314390647 a composite number?
True
Is 29669213 a composite number?
True
Is 36438503 composite?
True
Is 225508847 a prime number?
True
Is 3442027 a prime number?
True
Is 6215919 a composite number?
True
Is 1026521 a prime number?
True
Is 77219 a composite number?
True
Is 508978709 prime?
True
Is 6418129 a composite number?
True
Is 7271581 composite?
True
Is 2429069 composite?
True
Is 16197737 a composite number?
False
Is 63111211 a prime number?
False
Is 1367137 composite?
False
Is 14429497 prime?
True
Is 99240133 prime?
False
Is 422253503 a composite number?
True
Is 10058269 prime?
False
Is 103773289 a prime number?
False
Is 3431653 composite?
True
Is 148099871 a prime number?
True
Is 227774467 prime?
True
Is 431063023 composite?
False
Is 4631762 composite?
True
Is 608459 prime?
True
Is 2349577 a prime number?
False
Is 64902893 prime?
False
Is 891778733 composite?
False
Is 18956373 a prime number?
False
Is 12597881 a prime number?
True
Is 2537546189 composite?
False
Is 32931823 prime?
False
Is 114407 prime?
True
Is 25531409 prime?
True
Is 3140413 composite?
False
Is 302700301 prime?
True
Is 147449443 a prime number?
False
Is 34931447 composite?
True
Is 10873691 a composite number?
False
Is 5195311 a prime number?
False
Is 62048933 composite?
True
Is 76994461 a composite number?
True
Is 21071254 a prime number?
False
Is 5799977 composite?
False
Is 10193839 composite?
False
Is 122477227 prime?
True
Is 31708583 a composite number?
False
Is 722908963 composite?
True
Is 16187201 composite?
False
Is 46927733 a prime number?
False
Is 64867 composite?
True
Is 683173 a composite number?
True
Is 21519677 a prime number?
True
Is 8346973 a composite number?
True
Is 2884897 a prime number?
True
Is 931231 prime?
False
Is 4619441 composite?
False
Is 1647449 prime?
False
Is 799891 prime?
True
Is 1046179 composite?
False
Is 560113922 prime?
False
Is 438201947 composite?
True
Is 30155683 prime?
True
Is 103672301 a prime number?
True
Is 27822491 composite?
False
Is 4353229 a composite number?
True
Is 2850989 a composite number?
False
Is 39800185 prime?
False
Is 21238843 a composite number?
False
Is 1239081 a composite number?
True
Is 20819213 a prime number?
True
Is 31181411 a composite number?
True
Is 1782811 a composite number?
False
Is 43459199 composite?
True
Is 201668083 composite?
False
Is 498353 a composite number?
True
Is 36946799 composite?
True
Is 90313427 composite?
True
Is 8187703 prime?
False
Is 3411229 prime?
True
Is 36564067 a composite number?
True
Is 14636021 a prime number?
False
Is 401829293 a prime number?
False
Is 226668413 a composite number?
False
Is 1462157 prime?
True
Is 1560443 a prime number?
True
Is 42061529 prime?
True
Is 689545 a prime number?
False
Is 2145985 a prime number?
False
Is 2533549 prime?
True
Is 14652689 a prime number?
True
Is 4209653 prime?
False
Is 38721239 prime?
False
Is 470114063 a composite number?
False
Is 183240073 composite?
False
Is 20652757 prime?
True
Is 4578043 a prime number?
False
Is 469513 a composite number?
True
Is 3143993 prime?
True
Is 59459 prime?
False
Is 3506663 composite?
False
Is 31052755 a composite number?
True
Is 432787 a composite number?
True
Is 395104717 prime?
False
Is 270719 prime?
True
Is 36320873 prime?
True
Is 463003091 a composite number?
False
Is 4396097 a prime number?
True
Is 21284093 a prime number?
True
Is 12375161 c